  {"id":682,"date":"2018-12-19T09:57:12","date_gmt":"2018-12-19T09:57:12","guid":{"rendered":"http:\/\/schaubho.cyon.link\/?page_id=682"},"modified":"2025-05-05T17:01:34","modified_gmt":"2025-05-05T15:01:34","slug":"home","status":"publish","type":"page","link":"https:\/\/schaubhochl.ch\/fr\/","title":{"rendered":"Votre cabinet d\u2019avocats \u00e0 Winterthur"},"content":{"rendered":"\t\t<div data-elementor-type=\"wp-post\" data-elementor-id=\"682\" class=\"elementor elementor-682 elementor-2\" data-elementor-post-type=\"page\">\n\t\t\t\t\t\t<section class=\"elementor-section elementor-top-section elementor-element elementor-element-32f90a67 elementor-section-boxed elementor-section-height-default elementor-section-height-default\" data-id=\"32f90a67\" data-element_type=\"section\">\n\t\t\t\t\t\t<div class=\"elementor-container elementor-column-gap-default\">\n\t\t\t\t\t<div class=\"elementor-column elementor-col-100 elementor-top-column elementor-element elementor-element-177c8848\" data-id=\"177c8848\" data-element_type=\"column\">\n\t\t\t<div class=\"elementor-widget-wrap elementor-element-populated\">\n\t\t\t\t\t\t<div class=\"elementor-element elementor-element-49840e7 elementor-widget elementor-widget-text-editor\" data-id=\"49840e7\" data-element_type=\"widget\" data-widget_type=\"text-editor.default\">\n\t\t\t\t<div class=\"elementor-widget-container\">\n\t\t\t\t\t\t\t\t\t<div class=\"large-8 columns\"><p><mark>Schaub Hochl Rechtsanw\u00e4lte AG<\/mark> est un cabinet d&rsquo;avocats bien \u00e9tabli et bien reli\u00e9 \u00e0 Winterthur. Nous fournissons des <strong><span style=\"color: #000000;\"><a style=\"color: #000000;\" href=\"https:\/\/schaubhochl.ch\/fr\/dienstleistungen\/\">services<\/a><\/span><\/strong> complets dans les domaines des <mark>assurances sociales<\/mark>, du <mark>droit matrimonial et familial<\/mark>, des <mark>familles modernes<\/mark>, de la <mark>m\u00e9decine reproductive<\/mark> et du <mark>droit des successions<\/mark>, dans les domaines du <mark>droit de baux<\/mark>, du <mark>droit du travail<\/mark>, du <span style=\"color: #000000;\">droit de la <mark>construction<\/mark><\/span>, de <mark>l&rsquo;immobilier<\/mark> ainsi que du <mark>droit p\u00e9nal<\/mark> et du <mark>droit de l&rsquo;immigration<\/mark>.<\/p><h3 style=\"margin-bottom: 0px; font-family: 'Source Sans Pro', sans-serif; font-size: 28px; font-style: normal; line-height: 1; color: #ed591a;\" data-elementor-setting-key=\"title\" data-pen-placeholder=\"Type Here...\"><span style=\"color: #e03a82;\"><a style=\"color: #e03a82;\" href=\"https:\/\/schaubhochl.ch\/fr\/kontakt\/\">Contactez-nous!<\/a><\/span><\/h3><p>Nos avocates <span style=\"color: #000000;\"><strong><a style=\"color: #000000;\" href=\"http:\/\/schaubhochl.ch\/fr\/avocates\/marianne-schaub-hristic\/\">Dr. Marianne Schaub-Hristi\u0107<\/a><\/strong><\/span>, <strong><span style=\"color: #000000;\"><a style=\"color: #000000;\" href=\"https:\/\/schaubhochl.ch\/fr\/avocats\/karin-hochl\/\">Karin Hochl<\/a><\/span><\/strong>, <span style=\"color: #000000;\"><strong><a style=\"color: #000000;\" href=\"https:\/\/schaubhochl.ch\/fr\/avocats\/dinah-hetata\/\">Dinah Hetata<\/a><\/strong><\/span> et <span style=\"color: #000000;\"><strong><a style=\"color: #000000;\" href=\"https:\/\/schaubhochl.ch\/fr\/avocats\/mirjam-stanek-braendle\/\">Mirjam Stanek Br\u00e4ndle<\/a><\/strong><\/span> vous conseillent, vous accompagnent et vous repr\u00e9sentent de mani\u00e8re comp\u00e9tente dans les diff\u00e9rents domaines du droit.<\/p><p>Nous vous soutenons, par exemple, dans votre <mark>divorce<\/mark> ou votre <mark>s\u00e9paration<\/mark> , dans le calcul de la pension <mark>alimentaire<\/mark>, dans la conclusion d&rsquo;un <mark>contrat de mariage<\/mark>, dans l&rsquo;\u00e9tablissement d&rsquo;un <mark>testament<\/mark> ou la sauvegarde de votre <mark>concubinage<\/mark>, dans la r\u00e9alisation de votre d\u00e9sir d&rsquo;avoir des enfants et de fonder votre famille, \u00e9galement en tant que c<mark>couple de m\u00eame sexe<\/mark> ou par une <mark>gestation pour autrui (GPA)<\/mark> , ainsi que dans tous les litiges avec la <mark>KESB<\/mark>. Pour les enfants et les adolescents, nous offrons un soutien et une repr\u00e9sentation juridique dans toutes les proc\u00e9dures civiles et p\u00e9nales. Nous pouvons \u00e9galement vous conseiller avec comp\u00e9tence dans les proc\u00e9dures avec la <mark>caisse d&rsquo;assurance invalidit\u00e9<\/mark> ou la <mark>caisse d&rsquo;assurance ch\u00f4mage<\/mark>, dans les litiges avec votre <mark>caisse d&rsquo;assurance maladie<\/mark> et dans toutes les questions relatives \u00e0 la <mark>pension<\/mark> professionnelle. Nous sommes \u00e9galement \u00e0 vos c\u00f4t\u00e9s avec nos conseils juridiques pour toutes les questions relatives \u00e0 la vie et au travail, en cas de <mark>r\u00e9siliation<\/mark>, de <mark>rectification de vices<\/mark>, <mark>d&rsquo;augmentation et de r\u00e9duction de loyer<\/mark>, en <mark>cas d&rsquo;expulsion<\/mark>, en cas de <mark>conflit de voisinage<\/mark> ou de <mark>rectification de vices de construction<\/mark>, pour la <mark>revendication de cr\u00e9ances de salaire<\/mark>, pour <mark>l&rsquo;am\u00e9lioration du r\u00e9f\u00e9rencement de votre employeur<\/mark> ainsi que pour la bonne <mark>r\u00e9daction de contrats<\/mark> de toute nature. Vous trouverez \u00e9galement une aide rapide pour contester une <mark>ordonnance de sanction ou une amende<\/mark>, en tant que partie l\u00e9s\u00e9e dans une <mark>proc\u00e9dure p\u00e9nale<\/mark>, en cas de <mark>r\u00e9vocation de votre permis de conduire<\/mark>, ainsi que pour la d\u00e9livrance de <mark>permis d&rsquo;entr\u00e9e et de s\u00e9jour et les naturalisations<\/mark>.<\/p><p>Notre travail est ax\u00e9 sur la qualit\u00e9 et les r\u00e9sultats et nous d\u00e9veloppons des solutions sur mesure. Nos employ\u00e9s sont comp\u00e9tents et engag\u00e9s.<\/p><p>Vos pr\u00e9occupations sont entre de bonnes mains chez nous. Votre satisfaction est notre objectif.<\/p><\/div>\t\t\t\t\t\t\t\t<\/div>\n\t\t\t\t<\/div>\n\t\t\t\t\t<\/div>\n\t\t<\/div>\n\t\t\t\t\t<\/div>\n\t\t<\/section>\n\t\t\t\t<\/div>\n\t\t","protected":false},"excerpt":{"rendered":"<p>Schaub Hochl Rechtsanw\u00e4lte AG est un cabinet d&rsquo;avocats bien \u00e9tabli et bien reli\u00e9 \u00e0 Winterthur. Nous fournissons des services complets dans les domaines des assurances sociales, du droit matrimonial et familial, des familles modernes, de la m\u00e9decine reproductive et du droit des successions, dans les domaines du droit de baux, du droit du travail, du &#8230; <a title=\"Votre cabinet d\u2019avocats \u00e0 Winterthur\" class=\"read-more\" href=\"https:\/\/schaubhochl.ch\/fr\/\" aria-label=\"En savoir plus sur Votre cabinet d\u2019avocats \u00e0 Winterthur\">Lire plus<\/a><\/p>\n","protected":false},"author":1,"featured_media":1739,"parent":0,"menu_order":0,"comment_status":"closed","ping_status":"closed","template":"","meta":{"generate_page_header":"","footnotes":""},"class_list":{"0":"post-682","1":"page","2":"type-page","3":"status-publish","4":"has-post-thumbnail","6":"p847"},"publishpress_future_action":{"enabled":false,"date":"2026-05-09 15:07:14","action":"change-status","newStatus":"draft","terms":[],"taxonomy":"translation_priority","extraData":[]},"publishpress_future_workflow_manual_trigger":{"enabledWorkflows":[]},"_links":{"self":[{"href":"https:\/\/schaubhochl.ch\/fr\/wp-json\/wp\/v2\/pages\/682","targetHints":{"allow":["GET"]}}],"collection":[{"href":"https:\/\/schaubhochl.ch\/fr\/wp-json\/wp\/v2\/pages"}],"about":[{"href":"https:\/\/schaubhochl.ch\/fr\/wp-json\/wp\/v2\/types\/page"}],"author":[{"embeddable":true,"href":"https:\/\/schaubhochl.ch\/fr\/wp-json\/wp\/v2\/users\/1"}],"replies":[{"embeddable":true,"href":"https:\/\/schaubhochl.ch\/fr\/wp-json\/wp\/v2\/comments?post=682"}],"version-history":[{"count":19,"href":"https:\/\/schaubhochl.ch\/fr\/wp-json\/wp\/v2\/pages\/682\/revisions"}],"predecessor-version":[{"id":3439,"href":"https:\/\/schaubhochl.ch\/fr\/wp-json\/wp\/v2\/pages\/682\/revisions\/3439"}],"wp:featuredmedia":[{"embeddable":true,"href":"https:\/\/schaubhochl.ch\/fr\/wp-json\/wp\/v2\/media\/1739"}],"wp:attachment":[{"href":"https:\/\/schaubhochl.ch\/fr\/wp-json\/wp\/v2\/media?parent=682"}],"curies":[{"name":"wp","href":"https:\/\/api.w.org\/{rel}","templated":true}]}}

Votre cabinet d’avocats à Winterthur

<div data-elementor-type="wp-post" data-elementor-id="682" class="elementor elementor-682 elementor-2" data-elementor-post-type="page">
						<section class="elementor-section elementor-top-section elementor-element elementor-element-32f90a67 elementor-section-boxed elementor-section-height-default elementor-section-height-default" data-id="32f90a67" data-element_type="section">
						<div class="elementor-container elementor-column-gap-default">
					<div class="elementor-column elementor-col-100 elementor-top-column elementor-element elementor-element-177c8848" data-id="177c8848" data-element_type="column">
			<div class="elementor-widget-wrap elementor-element-populated">
						<div class="elementor-element elementor-element-49840e7 elementor-widget elementor-widget-text-editor" data-id="49840e7" data-element_type="widget" data-widget_type="text-editor.default">
				<div class="elementor-widget-container">
									<div class="large-8 columns"><p><mark>Schaub Hochl Rechtsanwälte AG</mark> est un cabinet d&rsquo;avocats bien établi et bien relié à Winterthur. Nous fournissons des <strong><span style="color: #000000;"><a style="color: #000000;" href="https://schaubhochl.ch/fr/dienstleistungen/">services</a></span></strong> complets dans les domaines des <mark>assurances sociales</mark>, du <mark>droit matrimonial et familial</mark>, des <mark>familles modernes</mark>, de la <mark>médecine reproductive</mark> et du <mark>droit des successions</mark>, dans les domaines du <mark>droit de baux</mark>, du <mark>droit du travail</mark>, du <span style="color: #000000;">droit de la <mark>construction</mark></span>, de <mark>l&rsquo;immobilier</mark> ainsi que du <mark>droit pénal</mark> et du <mark>droit de l&rsquo;immigration</mark>.</p><h3 style="margin-bottom: 0px; font-family: 'Source Sans Pro', sans-serif; font-size: 28px; font-style: normal; line-height: 1; color: #ed591a;" data-elementor-setting-key="title" data-pen-placeholder="Type Here..."><span style="color: #e03a82;"><a style="color: #e03a82;" href="https://schaubhochl.ch/fr/kontakt/">Contactez-nous!</a></span></h3><p>Nos avocates <span style="color: #000000;"><strong><a style="color: #000000;" href="http://schaubhochl.ch/fr/avocates/marianne-schaub-hristic/">Dr. Marianne Schaub-Hristić</a></strong></span>, <strong><span style="color: #000000;"><a style="color: #000000;" href="https://schaubhochl.ch/fr/avocats/karin-hochl/">Karin Hochl</a></span></strong>, <span style="color: #000000;"><strong><a style="color: #000000;" href="https://schaubhochl.ch/fr/avocats/dinah-hetata/">Dinah Hetata</a></strong></span> et <span style="color: #000000;"><strong><a style="color: #000000;" href="https://schaubhochl.ch/fr/avocats/mirjam-stanek-braendle/">Mirjam Stanek Brändle</a></strong></span> vous conseillent, vous accompagnent et vous représentent de manière compétente dans les différents domaines du droit.</p><p>Nous vous soutenons, par exemple, dans votre <mark>divorce</mark> ou votre <mark>séparation</mark> , dans le calcul de la pension <mark>alimentaire</mark>, dans la conclusion d&rsquo;un <mark>contrat de mariage</mark>, dans l&rsquo;établissement d&rsquo;un <mark>testament</mark> ou la sauvegarde de votre <mark>concubinage</mark>, dans la réalisation de votre désir d&rsquo;avoir des enfants et de fonder votre famille, également en tant que c<mark>couple de même sexe</mark> ou par une <mark>gestation pour autrui (GPA)</mark> , ainsi que dans tous les litiges avec la <mark>KESB</mark>. Pour les enfants et les adolescents, nous offrons un soutien et une représentation juridique dans toutes les procédures civiles et pénales. Nous pouvons également vous conseiller avec compétence dans les procédures avec la <mark>caisse d&rsquo;assurance invalidité</mark> ou la <mark>caisse d&rsquo;assurance chômage</mark>, dans les litiges avec votre <mark>caisse d&rsquo;assurance maladie</mark> et dans toutes les questions relatives à la <mark>pension</mark> professionnelle. Nous sommes également à vos côtés avec nos conseils juridiques pour toutes les questions relatives à la vie et au travail, en cas de <mark>résiliation</mark>, de <mark>rectification de vices</mark>, <mark>d&rsquo;augmentation et de réduction de loyer</mark>, en <mark>cas d&rsquo;expulsion</mark>, en cas de <mark>conflit de voisinage</mark> ou de <mark>rectification de vices de construction</mark>, pour la <mark>revendication de créances de salaire</mark>, pour <mark>l&rsquo;amélioration du référencement de votre employeur</mark> ainsi que pour la bonne <mark>rédaction de contrats</mark> de toute nature. Vous trouverez également une aide rapide pour contester une <mark>ordonnance de sanction ou une amende</mark>, en tant que partie lésée dans une <mark>procédure pénale</mark>, en cas de <mark>révocation de votre permis de conduire</mark>, ainsi que pour la délivrance de <mark>permis d&rsquo;entrée et de séjour et les naturalisations</mark>.</p><p>Notre travail est axé sur la qualité et les résultats et nous développons des solutions sur mesure. Nos employés sont compétents et engagés.</p><p>Vos préoccupations sont entre de bonnes mains chez nous. Votre satisfaction est notre objectif.</p></div>								</div>
				</div>
					</div>
		</div>
					</div>
		</section>
				</div>

<p>Schaub Hochl Rechtsanwälte AG est un cabinet d&rsquo;avocats bien établi et bien relié à Winterthur. Nous fournissons des services complets dans les domaines des assurances sociales, du droit matrimonial et familial, des familles modernes, de la médecine reproductive et du droit des successions, dans les domaines du droit de baux, du droit du travail, du &#8230; <a title="Votre cabinet d’avocats à Winterthur" class="read-more" href="https://schaubhochl.ch/fr/" aria-label="En savoir plus sur Votre cabinet d’avocats à Winterthur">Lire plus</a></p>
